1. What is z(q)?
4
Let o(a) = 8*a**2 + 2*a + 7. Let m(t) = -15*t**2 - 4*t - 13. Let d(v) = 6*m(v) + 11*o(v). Let x be (16/((-12)/3))/2. Calculate d(x).
-5
Let a = -4 - -5. Let q(s) = 2*s**3 + 7*s**2 - 5*s + 3. Let j(b) = b**3 + 4*b**2 - 3*b + 2. Let p(n) = -5*j(n) + 3*q(n). What is p(a)?
1
Let x be ((-70)/(-30))/((-2)/(-6)). Let l(n) = n**2 - 7*n - 3. Determine l(x).
-3
Let n(f) = f**3 + f**2 - 1. Let y be (-1 - (-10 - 1))/2. Suppose 2*d = j - 0 + 5, 5 = y*d - j. Let l be n(d). Let o(g) = -2*g**2 + g. Calculate o(l).
-3
Let h(t) = t + 1. Let d be ((-10)/8)/(1/4). Let c(b) = -b**2 - 5*b - 2. Let u(w) = d*h(w) - c(w). What is u(0)?
-3
Let u(f) = 2*f - 2. Let z be -15*(5/3 + -2). Suppose -z*a + 4 = -3*a. Give u(a).
2
Let b(l) = 4 - 10 + l + 4. Let d = 14 - 18. Calculate b(d).
-6
Suppose -x - 3 = 7. Let h be ((-1)/(-1))/(5/x). Let z(g) = -3*g**2 + 2. Determine z(h).
-10
Suppose o - 6 = -1. Let k(c) be the first derivative of c**4/4 - 4*c**3/3 - 5*c**2/2 + 3*c + 13. Give k(o).
3
Suppose 6*b = 5*r + 2*b - 34, -27 = -4*r + 3*b. Let v be 0 + 2 - r/6. Let g(m) = -1 + v + 3*m - 3 + 4. What is g(-1)?
-2
Let i(a) = -3*a**2 + 4*a - 2. Let o(j) = -j - 1. Let t be o(-1). Suppose -b + t = -3. Let v = b - 1. What is i(v)?
-6
Let f(c) be the third derivative of c**6/20 + c**4/12 + c**3/6 - 5*c**2. Give f(-1).
-7
Let y(a) = -4*a**3 + 10*a**2 + 4*a - 4. Let z(i) = i**3 - 2*i**2 - i + 1. Let c(s) = -2*y(s) - 11*z(s). Give c(2).
-13
Let m(b) be the first derivative of -1/2*b**2 - 2 + 2*b. Let w(c) = -c**2 - 7*c - 6. Let r be w(-6). Calculate m(r).
2
Let x(j) be the first derivative of 5/3*j**3 - 5/2*j**2 + 5*j + 7 - 1/4*j**4. Determine x(4).
1
Let a(d) be the second derivative of -4*d + 0 + d**2 + 1/2*d**3. Calculate a(-5).
-13
Let r(k) = 4*k + k + 4 + 0*k. Let o(v) = v**2 - 3*v - 7. Let n be o(4). Give r(n).
-11
Suppose -t + 1 = 3*u, 4*u + 0*t - 2*t = 8. Let f(m) be the first derivative of 1/2*m**2 + 2*m - 1/3*m**3 - u. Determine f(-2).
-4
Suppose 4*b = b. Let h(q) = -6*q + 5*q + b*q**2 - q**2 - 6*q. Determine h(-5).
10
Let f(n) = -n**3 - 3*n + 3. Let b be f(0). Let i(a) be the third derivative of 0 - 1/120*a**6 + 0*a + 3*a**2 - 1/12*a**5 + 1/6*a**b - 1/24*a**4. What is i(-4)?
-11
Let l(o) = 3 - 5*o + 18*o - 8*o - 6*o. Give l(9).
-6
Let o(u) be the first derivative of -3*u**4/4 + 2*u**3/3 + u**2 + u + 28. Determine o(-1).
4
Let x(z) be the third derivative of -z**5/60 - z**4/8 - z**3/6 + z**2. Let c = -3 + 2. Let k be x(c). Let n(f) = -6*f**3 - 2*f**2 + 1. Calculate n(k).
-7
Let c(p) = -10*p**3 + 2*p**2 + 2*p + 1. Let w be (1/2)/((-14)/28). Calculate c(w).
11
Let q be (4/(-6))/(2/(-21)). Let g(a) = -a + 6. What is g(q)?
-1
Let a(p) = -p + 4*p**2 + 3 - 5*p**2 - 6. Give a(4).
-23
Let g(x) = x + 5. Let p(j) = j + 4. Let b(a) = -3*g(a) + 4*p(a). Let z be 6/4*4/(-12)*-2. Determine b(z).
2
Let w(d) = 0*d - 7 - 3*d - d**2 + 4 - 2*d. Give w(-3).
3
Let r(q) = 3*q + q - 3*q - 1 - q**2 - 4*q - 9*q**3. Let j(k) = 14*k**3 + k**2 + 5*k + 2. Let x(d) = 5*j(d) + 8*r(d). Suppose 0 = -s - 3 + 1. What is x(s)?
4
Let o = 43 + -48. Let t(x) = 2*x + 15. Let c(g) = g + 5. Let b(l) = 7*c(l) - 2*t(l). Give b(o).
-10
Suppose 3*i = -5*s - 12, 0 = -2*i - 3*s + 2*s - 1. Let v(b) = -b**2 + 4*b - 3*b - 2*b**2. Calculate v(i).
-2
Suppose 3 - 16 = n. Let o = -9 - n. Let i(x) = -2*x**2 + 5*x + 2. What is i(o)?
-10
Let a(z) = 15*z - 5. Let l(u) = 5*u - 2. Let c(i) = -3*a(i) + 8*l(i). Determine c(-1).
4
Let t(o) be the third derivative of -o**6/120 + 7*o**5/60 + 5*o**4/12 - 11*o**3/6 - 33*o**2. What is t(8)?
5
Let o(d) be the second derivative of -d**5/20 - d**4/12 - d**3/6 + d**2/2 - 6*d. Let x = 1 - 3. Determine o(x).
7
Let k = 6 + -1. Let g(c) = c**2 + 3*c + 5. Let h(x) = -4*x**2 - 9*x - 15. Suppose 0*l = 5*l + 10. Let b(y) = l*h(y) - 7*g(y). What is b(k)?
5
Let h = 30 + -27. Let o(k) = k**2 - 2*k - 1. Determine o(h).
2
Let n be -2 - (0/1 - 2). Suppose n = 3*k + k - 8. Let w(s) = 2*s + 1. Calculate w(k).
5
Let z = 2 - -2. Let d(s) = 5*s**3 - 8*s**2 - 5*s. Let t(j) = -14*j**3 + 23*j**2 + 14*j - 1. Suppose 5*v = 65 - 10. Let c(p) = v*d(p) + z*t(p). Calculate c(4).
0
Suppose 0 = 4*s - 47 + 39. Let q(w) = w**3 - w**2 - 3*w + 3. Determine q(s).
1
Let p(n) = -n**2 + 5*n + 8. Let q be p(6). Let d(l) = 2*l + 3 - 5 + l**3 + q*l**2 + 2*l**2 + 0*l**3. Give d(-3).
1
Let s(w) = 3*w**3 - 11*w**2 - 17*w - 1. Let k(i) = -2*i**3 + 7*i**2 + 11*i + 1. Let b(j) = 8*k(j) + 5*s(j). What is b(3)?
-6
Let n(c) be the first derivative of -c + 1/4*c**4 + 0*c**2 - 7/3*c**3 + 1. Determine n(7).
-1
Let o(p) be the third derivative of p**6/120 - p**5/12 - 7*p**3/6 - 176*p**2. Let n be (-6)/5*(-5)/2. Suppose -3*h + 0*f = -n*f - 6, -5*h = 2*f - 31. Give o(h).
-7
Let i be -6*1*(-1)/2. Let o(q) = i - 5*q - 1 - 4 + 4*q. Determine o(2).
-4
Let g(t) be the second derivative of t**3/6 - 16*t. Determine g(8).
8
Suppose 41*l + 32 = 37*l. Let h(o) = -o**3 - 7*o**2 + 8*o - 6. What is h(l)?
-6
Let j(s) = 2*s + 5. Let p(d) = -d - 2. Let c be 1/2 + (-12)/(-8). Let n(f) = c*j(f) + 5*p(f). Determine n(-4).
4
Let v = 32 - 39. Let a(g) = -4*g - 2. Let z = -8 - -11. Let r(j) = 7*j + 5. Let k(n) = z*r(n) + 5*a(n). Give k(v).
-2
Let d(k) = -9 + 3*k - 4 - 2*k. Let v be d(10). Let n = 1 + v. Let l(m) = 3*m + 1. Give l(n).
-5
Let x(p) = p**2 + p - 3. Let g(f) = f**2 + 4*f - 5. Let r be g(-5). What is x(r)?
-3
Let j = -6 - -6. Let h(n) = n**2 + 4*n - 7. Let u be h(-6). Suppose -2*l + 0*z + u = 3*z, j = 5*l + 3*z - 17. Let v(s) = s**3 - 3*s**2 - 3*s - 3. Give v(l).
1
Let d(b) = -2*b**3 + 5*b**2 - 4*b + 3. Let i be ((-8)/12)/1 + 33/9. Calculate d(i).
-18
Let y be -2*(-3 - -2) + 0. Let v be 14/y + -5 + 4. Suppose -v + 0 = -h. Let g(u) = u**3 - 7*u**2 + 8*u - 9. Give g(h).
3
Let u(g) = g + 5. Suppose 4*d = -2*t - 18, t - 33 = -0*d + 5*d. Give u(d).
-1
Let t(z) = z**3 + 4*z**2 + z - 2. Let r be 3/(-2) - (20/(-8) - -3). Give t(r).
4
Let p(s) = 3*s**3 - 2*s**2 + 2*s + 2. Let d be p(2). Suppose q - t + 7 = 1, -3*q - 5*t + d = 0. Let x(b) = 2*b**2 + 2*b**2 - b + 2 - 1 + 2*b. Calculate x(q).
4
Let j(q) = -q**2 - 8*q - 12. Let k be j(-8). Let z = k + 17. Suppose 5*h + 35 + z = -5*v, 4*h - 16 = 4*v. Let x(r) = r + 4. What is x(v)?
-2
Let j(z) = 17 + z + 2*z**2 - 16 - 3*z - 5*z**3. Calculate j(1).
-4
Let g(m) = -9*m - 1. Suppose -3*v = 2*v. Suppose -5*f - 25 = 0, 0 = -3*o - 5*f - v*f - 28. Give g(o).
8
Let u(t) be the second derivative of 0*t**2 - t + t**3 + 1/12*t**4 + 0. What is u(-6)?
0
Let d(g) = -5 + g**3 + 11*g - 3*g + g + 10*g**2. Give d(-9).
-5
Let i(q) be the first derivative of -1 + 0*q**2 + 1/4*q**4 - 2*q**3 - 3*q. Give i(6).
-3
Let z(q) = q + 8. Suppose -4*f = -3*u - 4, 4*u = 3*u + 3*f - 3. Give z(u).
8
Let x(u) be the first derivative of 3*u**2/2 - 2*u - 46. Calculate x(-7).
-23
Let p(j) = 2*j**3 + 2*j**2 - 2*j - 2. Let m be (16/(-20))/((-1)/10). Suppose -2*c + m = -6*c. Determine p(c).
-6
Let m(y) be the first derivative of -1/2*y**2 + 0*y - 1/4*y**4 + 0*y**3 + 4. Calculate m(1).
-2
Let c(j) = -j**3 - 3*j**2 - 2*j. Let m be c(-2). Suppose m = -2*x + 1 - 3. Let s(b) = -3*b + 1. Give s(x).
4
Suppose 35 = 3*g + n + 4*n, g = -5*n + 25. Let i(d) = -3*d + d**2 - 2*d + 4*d - 1 + 2*d. Let j(v) = -2*v**2 - 9*v + 6. Let u(l) = 3*i(l) + j(l). Give u(g).
-2
Let k(n) be the third derivative of 0*n - 1/6*n**3 + 0 - 1/6*n**4 + 1/60*n**5 + n**2. Suppose 0 = 5*j + 4*m - 28 - 1, 21 = 5*j - 4*m. Calculate k(j).
4
Let w(d) = -11*d**2 + 9*d - 4. Let x(n) = 5*n**2 - 4*n + 2. Let g(b) = -6*w(b) - 13*x(b). Suppose 2*j - 3 = 3. Determine g(j).
1
Suppose -j = 4*j + 20. Let r be (1/j)/((-6)/24). Let k(l) be the first derivative of 11*l**2/2 - l + 3. Determine k(r).
10
Suppose 5*d - h - h = -88, -d + 2*h = 24. Let i be -3 + 2 - d/2. Suppose 1 = n + 4*s, 2*n - 2*s - 13 = i*n. Let c(w) = 2*w. Determine c(n).
-6
Let h(t) = -2*t + 9. Let o(j) = -j. Let x be o(3). Let k(s) = 0*s - 8 + 2*s - 10 + 2*s. Let z(b) = x*k(b) - 5*h(b). Calculate z(6).
-3
Let s(o) be the second derivative of o**7/840 - o**6/180 - o**5/60 + o**4/12 + o**3/3 + o. Let w(m) be the second derivative of s(m). Determine w(3).
5
Let b(v) = -39 - v + 16 + 17 + 0*v. Determine b(6).
-12
Let k = -105 - -98. Let f(a) = -a**3 - 8*a**2 - 10*a - 8. What is f(k)?
13
Let y(u) = u**3 - 5*u**2 + 2*u - 3. Let d(g) = -g**3 + 